7725307.
7725307
List the prime factors of 78850.
2, 5, 19, 83
List the prime factors of 407461.
331, 1231
List the prime factors of 5771901.
3, 107, 17981
List the prime factors of 2427513.
3, 11, 73561
List the prime factors of 362391.
3, 113, 1069
List the prime factors of 2280171.
3, 19, 109, 367
What are the prime factors of 181976?
2, 23, 43
List the prime factors of 250974.
2, 3, 73, 191
List the prime factors of 1753032.
2, 3, 73043
What are the prime factors of 662335?
5, 139, 953
List the prime factors of 164758.
2, 11, 7489
What are the prime factors of 7023047?
1931, 3637
What are the prime factors of 195412?
2, 7, 997
List the prime factors of 4253525.
5, 170141
What are the prime factors of 281449?
7, 31, 1297
List the prime factors of 240829.
240829
List the prime factors of 64269.
3, 37, 193
List the prime factors of 851383.
13, 79, 829
What are the prime factors of 1565637?
3, 521879
List the prime factors of 13906288.
2, 11, 653
What are the prime factors of 13720297?
569, 24113
List the prime factors of 176041.
176041
List the prime factors of 567329.
7, 81047
What are the prime factors of 8283125?
5, 29, 457
List the prime factors of 3232576.
2, 53, 953
What are the prime factors of 5257002?
2, 3, 223, 3929
List the prime factors of 1008508.
2, 17, 14831
List the prime factors of 343355.
5, 43, 1597
List the prime factors of 951103.
127, 7489
List the prime factors of 17273322.
2, 3, 11, 23, 3793
What are the prime factors of 28480474?
2, 11, 17, 271, 281
What are the prime factors of 74418?
2, 3, 79, 157
What are the prime factors of 14438312?
2, 7, 31, 8317
List the prime factors of 2215475.
5, 23, 3853
List the prime factors of 1530577.
233, 6569
What are the prime factors of 11791520?
2, 5, 13, 5669
List the prime factors of 2254394.
2, 1127197
What are the prime factors of 8515549?
7, 1216507
List the prime factors of 1339250.
2, 5, 11, 487
What are the prime factors of 1122037?
7, 79, 2029
What are the prime factors of 2958556?
2, 47, 15737
What are the prime factors of 301994?
2, 7, 11, 37, 53
List the prime factors of 17471162.
2, 8735581
What are the prime factors of 871241?
7, 71, 1753
What are the prime factors of 289382?
2, 257, 563
What are the prime factors of 678369?
3, 226123
List the prime factors of 4525.
5, 181
What are the prime factors of 308929?
308929
What are the prime factors of 928175?
5, 137, 271
List the prime factors of 17841208.
2, 7, 11, 2633
What are the prime factors of 3453107?
7, 493301
List the prime factors of 11804166.
2, 3, 11, 59617
What are the prime factors of 755356?
2, 7, 53, 509
What are the prime factors of 295150?
2, 5, 5903
What are the prime factors of 25227472?
2, 1576717
What are the prime factors of 1385066?
2, 61, 11353
What are the prime factors of 302237?
13, 67, 347
What are the prime factors of 39070?
2, 5, 3907
What are the prime factors of 6937470?
2, 3, 5, 19, 4057
List the prime factors of 22844610.
2, 3, 5, 43, 5903
What are the prime factors of 18569690?
2, 5, 1856969
List the prime factors of 13501604.
2, 17, 198553
What are the prime factors of 4149333?
3, 227, 677
List the prime factors of 330615.
3, 5, 31, 79
What are the prime factors of 811782?
2, 3, 5011
List the prime factors of 245220.
2, 3, 5, 61, 67
List the prime factors of 1498878.
2, 3, 41, 677
What are the prime factors of 24782589?
3, 13, 211817
List the prime factors of 27591.
3, 17, 541
What are the prime factors of 15439240?
2, 5, 31, 12451
List the prime factors of 21092712.
2, 3, 878863
What are the prime factors of 238821?
3, 11, 7237
List the prime factors of 5322698.
2, 19, 140071
What are the prime factors of 1629908?
2, 7, 58211
List the prime factors of 2018179.
701, 2879
What are the prime factors of 237461?
7, 33923
What are the prime factors of 455900?
2, 5, 47, 97
What are the prime factors of 1554080?
2, 5, 11, 883
List the prime factors of 4702997.
13, 361769
What are the prime factors of 551368?
2, 41
List the prime factors of 1374898.
2, 7, 98207
What are the prime factors of 4604027?
31, 148517
What are the prime factors of 16755453?
3, 11, 13, 47, 277
List the prime factors of 299262.
2, 3, 49877
List the prime factors of 840908.
2, 43, 4889
What are the prime factors of 1484037?
3, 164893
List the prime factors of 1208924.
2, 173, 1747
What are the prime factors of 2449369?
13, 29, 73, 89
List the prime factors of 1951938.
2, 3, 12049
List the prime factors of 1315007.
1315007
What are the prime factors of 3048247?
3048247
What are the prime factors of 9824237?
9824237
List the prime factors of 2984556.
2, 3, 31, 71, 113
What are the prime factors of 233200?
2, 5, 11, 53
List the prime factors of 3115052.
2, 778763
List the prime factors of 57325.
5, 2293
List the prime factors of 642798.
2, 3, 13, 41, 67
List the prime factors of 16551898.
2, 11, 752359
What are the prime factors of 7736341?
47, 241, 683
What are the prime factors of 2354736?
2, 3, 49057
What are the prime factors of 168981?
3, 23, 31, 79
List the prime factors of 38156.
2, 9539
What are the prime factors of 18851932?
2, 11, 157, 2729
What are the prime factors of 2079949?
19, 109471
List the prime factors of 2887246.
2, 17, 84919
List the prime factors of 1352250.
2, 3, 5, 601
List the prime factors of 167593.
167593
What are the prime factors of 74252?
2, 19, 977
What are the prime factors of 183490?
2, 5, 59, 311
List the prime factors of 13622633.
13622633
What are the prime factors of 955056?
2, 3, 101, 197
List the prime factors of 5178523.
7, 17, 43517
What are the prime factors of 64040?
2, 5, 1601
What are the prime factors of 1356359?
29, 46771
List the prime factors of 131567.
149, 883
List the prime factors of 2953110.
2, 3, 5, 173, 569
List the prime factors of 493621.
493621
List the prime factors of 1160715.
3, 5, 223, 347
What are the prime factors of 710108?
2, 7, 3623
What are the prime factors of 3489565?
5, 697913
List the prime factors of 5678597.
73, 107, 727
List the prime factors of 1698012.
2, 3, 101, 467
List the prime factors of 157566.
2, 3, 26261
List the prime factors of 641297.
31, 137, 151
What are the prime factors of 3396878?
2, 47, 36137
What are the prime factors of 494854?
2, 181, 1367
What are the prime factors of 5272843?
5272843
List the prime factors of 6340789.
7, 13, 59, 1181
What are the prime factors of 2529656?
2, 181, 1747
List the prime factors of 11936444.
2, 13, 229547
List the prime factors of 1135446.
2, 3, 13, 14557
List the prime factors of 1583492.
2, 395873
What are the prime factors of 16344078?
2, 3, 2724013
List the prime factors of 6205806.
2, 3, 109, 3163
What are the prime factors of 456187?
43, 103
What are the prime factors of 1938454?
2, 7, 138461
What are the prime factors of 1342746?
2, 3, 74597
What are the prime factors of 421178?
2, 251, 839
What are the prime factors of 1139121?
3, 23, 5503
What are the prime factors of 26897286?
2, 3, 13, 419, 823
List the prime factors of 660031.
23, 28697
What are the prime factors of 1083743?
1083743
List the prime factors of 732343.
17, 23, 1873
List the prime factors of 13642543.
89, 153287
List the prime factors of 1191095.
5, 211, 1129
What are the prime factors of 5030247?
3, 1676749
What are the prime factors of 154867?
251, 617
List the prime factors of 6071381.
31, 139, 1409
What are the prime factors of 1562447?
1562447
List the prime factors of 48925.
5, 19, 103
List the prime factors of 904617.
3, 7, 83, 173
What are the prime factors of 14629?
14629
List the prime factors of 190717.
190717
What are the prime factors of 5624198?
2, 2812099
What are the prime factors of 323664?
2, 3, 11, 613
What are the prime factors of 899309?
899309
List the prime factors of 12800.
2, 5
List the prime factors of 10649429.
7, 17, 89491
What are the prime factors of 134734?
2, 23, 29, 101
List the prime factors of 306010.
2, 5, 71, 431
List the prime factors of 8904683.
941, 9463
List the prime factors of 276833.
276833
List the prime factors of 546139.
11, 131, 379
What are the prime factors of 191783?
191783
What are the prime factors of 9776579?
9776579
List the prime factors of 14995842.
2, 3, 29, 86183
What are the prime factors of 63778?
2, 11, 13, 223
List the prime factors of 107735.
5, 29, 74